ctors of k(-3)?
5
Let k(c) = 5*c - 18. Let g be k(5). Suppose -3*q + 38 = -25. Let f = q - g. What are the prime factors of f?
2, 7
Let k(u) = -3*u**2 + 3*u + 4*u**2 - u + u + 99. List the prime factors of k(0).
3, 11
Suppose -107*s + 109*s - 476 = 0. List the prime factors of s.
2, 7, 17
Let m(w) = 4*w - 7. Let b be (9/(-2))/((-6)/(-8)). Let z(g) = -9*g + 13. Let a(u) = b*z(u) - 13*m(u). List the prime factors of a(6).
5
Let y(m) = -3 + 17*m**2 - 10*m + 6*m**2 + 39 - m**3. What are the prime factors of y(22)?
2, 3, 5
Suppose 7*z = 5304 - 796. List the prime factors of z.
2, 7, 23
List the prime factors of (-48540)/(-36)*12/10.
2, 809
Suppose 3*v - 20 = -v. Suppose 1 + v = -2*q. What are the prime factors of (-15 - q)/(2 + -3)?
2, 3
Suppose 0*q + 17 = -5*r + 4*q, -13 = -2*r - 5*q. List the prime factors of ((-28)/112)/(r/(394*2)).
197
Let c(l) = l**2. Let z be c(2). Suppose z*g = -3 - 5. Let v = g - -22. List the prime factors of v.
2, 5
Let q = 120 + -73. Let j = q + -10. What are the prime factors of j?
37
Let z(t) = t**2 + 3*t - 2. Let o be z(14). Suppose 4*d - 6 = 6, 4*d + o = 4*j. Suppose -3*y + 0*y - 27 = -2*i, -2*y + j = 4*i. List the prime factors of i.
3, 5
List the prime factors of 414/(-184)*15872/(-6).
2, 3, 31
List the prime factors of (-31 - -32)/((-37)/19 + 2).
19
Suppose -989 = -2*v + 199. Suppose -6*y + v = 3*y. What are the prime factors of y?
2, 3, 11
Let h = 7 + -19. Let z = 12 + h. Suppose q - 12 = -z. What are the prime factors of q?
2, 3
Let w = 86 + 80. Let x = -90 + w. What are the prime factors of x?
2, 19
Suppose -12 + 18 = -n. List the prime factors of n/9 + 420/9.
2, 23
Let f(n) = n**3 + 9*n**2 - 9*n + 12. Let i be f(-10). Suppose -y + 163 = -5*j, -i*j + 5*y + 109 = -5*j. What are the prime factors of (28/12 - 3)*j?
2, 11
Let c(g) = g**2 + 9*g + 3. Let f be c(-7). Let b = f - -15. Suppose -b*s = -11 - 33. List the prime factors of s.
11
Let f be (4/(-3))/((-14)/(-21)). Let o(g) = -2*g - 1. Let k be o(f). Suppose 0 = k*t - 14 - 79. What are the prime factors of t?
31
Let a be (-10)/(-5) + 6*-1. Let f be 4*12/64*a. What are the prime factors of f/(-4 + 3) + -1?
2
List the prime factors of (6 + (-98)/35)/((-6)/(-2295)).
2, 3, 17
Let u(b) = -3793*b - 167. List the prime factors of u(-1).
2, 7, 37
Let x = -22 - -88. Suppose -4*i = -i - x. List the prime factors of i.
2, 11
Let p be -10 - -68 - (1 + 1). Let f = -17 + p. List the prime factors of f.
3, 13
Let f = 1103 + -768. List the prime factors of f.
5, 67
Suppose 4*t = 5*v - 25, -3*v - 20 = -t - 7*v. Suppose 6*k - 396 = -t*k. What are the prime factors of k?
2, 3, 11
Let h = 5668 - 4038. List the prime factors of h.
2, 5, 163
Suppose 4*v - n - 554 = -75, -3*n = 5*v - 586. What are the prime factors of v?
7, 17
Suppose 165 = 4*d + 3*f, -f + 190 = 4*d - 3*f. Let y = d + -5. What are the prime factors of y?
2, 5
Let t(z) = 102*z + 3. Let o be t(-1). Let a = -52 - o. List the prime factors of a.
47
Let z(x) = 2*x**2 - 8*x + 12. Let s(j) = -j**2 + 4*j - 6. Let k(v) = 7*s(v) + 4*z(v). Let r(g) = 5*g + 65. Let l be r(-12). List the prime factors of k(l).
11
Suppose 81 = -17*f + 14*f. What are the prime factors of f/(-5)*5*1?
3
Let u = -17 - -23. Let b(n) = 3*n - 15. Let f be b(u). Let m(t) = 5*t**2 + 3*t - 2. List the prime factors of m(f).
2, 13
Suppose 0*h - h + 4*r - 37 = 0, 2*r = 0. Let n = h + 139. What are the prime factors of n?
2, 3, 17
Let w(i) = 77*i**3 - i**2 + 1 + i**2. Let l be w(1). Let q = l - 55. What are the prime factors of q?
23
Let z be (-24)/15 + 1 - 69/(-15). Suppose 0 = z*j + 4*j - 1600. What are the prime factors of j?
2, 5
Suppose 6*k - 689 = 697. List the prime factors of k.
3, 7, 11
Suppose -121*x + 8028 = -112*x. What are the prime factors of x?
2, 223
Let x = 65 + -38. Suppose 4*o - x = o. List the prime factors of o.
3
Suppose -4*h + 3*h - n = -14, -h + 5*n = 10. Suppose -h*k + 591 = -749. List the prime factors of k.
2, 67
List the prime factors of ((-6)/(-4))/(-6 - 15741/(-2622)).
19, 23
Let q(c) = 201*c - 118. List the prime factors of q(5).
887
Let m be (-6)/21 + 10/35. Suppose 5*k - 2*k - 297 = m. List the prime factors of k.
3, 11
Let k be (54/(-30))/(9/(-15)). Suppose -685 = -8*g + k*g. List the prime factors of g.
137
Let h(t) = t**2 - 2*t + 5. Let x be h(-5). Let p be x/(-4)*(-5 - 0). Let i = 92 - p. List the prime factors of i.
2, 3, 7
Let y = 886 + 107. What are the prime factors of y?
3, 331
Let g be (28/21)/(2/144). Suppose -g = -8*f + 264. What are the prime factors of f?
3, 5
Let t(k) = -k**3 - 2*k**2 + 3*k + 2. Let w = 12 - 15. Let h be t(w). Suppose 0 = 2*c + h*c - 12. List the prime factors of c.
3
Let t = 32 - 21. Suppose -8*u - 522 = -t*u. What are the prime factors of u?
2, 3, 29
Suppose 0 = 3*x - 1042 - 1415. List the prime factors of x.
3, 7, 13
Let c be (-8)/(-20) + 26/10. Suppose 5*n - 3*m + m - 404 = 0, -232 = -c*n - 4*m. List the prime factors of n.
2, 5
Suppose -65*h = -59*h - 486. List the prime factors of h.
3
Suppose -5*j + 6 = -14, -2*h - 3*j = -20. Suppose 12 = 11*x - 21. Suppose -15 = -x*i + w + 2*w, -h*w = 4*i - 36. List the prime factors of i.
7
Let r(g) = -2*g**2 + 9*g + 7. Let x be r(7). Let h = x - -85. Suppose -h = -0*a - 3*a. What are the prime factors of a?
19
Let p(m) = 2*m**2 + 21*m + 10. Let l be p(-15). Suppose -8*u + 3*u = -l. What are the prime factors of u?
29
Let f = -36 + 36. Let o(i) = i**3 - 2*i**2 - i + 123. What are the prime factors of o(f)?
3, 41
Let y(k) = 0*k**2 - k - 3*k**2 + 16*k**3 + 4*k**2. Let h be y(1). Suppose 4*s + 5*p - 148 = 0, h + 38 = s - 3*p. List the prime factors of s.
2, 3, 7
Suppose 5*y - 1 = 2*p, 4*y + 1 = 3*p - 1. Suppose -p*u - b = -679 + 146, 0 = 2*b + 6. Suppose u = -33*s + 37*s. List the prime factors of s.
67
Suppose 2*r + 23 = 7*r + n, -r - n = -7. List the prime factors of r + (-1)/(2/4).
2
Suppose -5*y = -432 - 63. Suppose 151 = 3*f - 5*q, 2*f - 5*q = -0*q + y. What are the prime factors of f?
2, 13
Let t(h) = 21*h**2 - 55*h + 35. List the prime factors of t(-16).
3, 233
Let i(l) be the first derivative of 11*l**2/2 - 13*l - 21. List the prime factors of i(9).
2, 43
Let o(g) be the third derivative of -3*g**4/8 - 2*g**2. Let h be o(-4). Let y = h + -10. List the prime factors of y.
2, 13
Suppose -5*a - 4*d + 7381 = 0, 130*a + 2966 = 132*a + 5*d. What are the prime factors of a?
3, 491
Let v(n) = 0*n - 3*n + 2*n - 3*n + n**2. Let a be v(5). Suppose c + 4*o - 11 = 0, 0 = -c + a*o + 12 + 17. What are the prime factors of c?
19
Let f(n) = 25*n**2 - 5*n + 19. Let o be f(3). Let t = o - 125. What are the prime factors of t?
2, 13
Let h = 167 + -31. What are the prime factors of h?
2, 17
Let p(f) = 32*f**2 - 13*f + 55. What are the prime factors of p(9)?
2, 5, 11, 23
Let f be 210 - ((-5)/10 - 5/2). Let m = -85 + f. List the prime factors of m.
2
Let x = 22 + -12. Suppose 0*c + x = 5*c. Suppose 5*y + b - 164 = 0, y + 3*b = -c*b + 52. What are the prime factors of y?
2
Let t(h) = 1736*h - 185. List the prime factors of t(2).
19, 173
List the prime factors of ((-91)/39 + 3)*(-5646)/(-4).
941
Let p be 4 + 2 + 3 + -6. Let t be -6*4*(-1)/p. Let n = 6 + t. List the prime factors of n.
2, 7
Let i(t) = 255*t - 86. List the prime factors of i(3).
7, 97
Suppose -o - 19 = -17. Let d = o - -57. List the prime factors of d.
5, 11
Let i = 5127 - 2713. What are the prime factors of i?
2, 17, 71
Let y be 398/8 + 45/(-60). Let z = y + -43. List the prime factors of z.
2, 3
Let n(o) = 521*o**2 + 29*o + 59. What are the prime factors of n(-2)?
3, 5, 139
Suppose 0*v + 2*o + 85 = 3*v, 2*v - 60 = -2*o. Let z = v + -26. Suppose z = 4*y - 121. List the prime factors of y.
31
Suppose 0 = -144*j + 145*j - 493. What are the prime factors of j?
17, 29
Let z = 658 - 252. What are the prime factors of z?
2, 7, 29
Let y = -5 - 7. Let i = y - -6. List the prime factors of i/4*(-8)/6.
2
Let f = 28 - 24. What are the prime factors of 6/16*82 - (-1)/f?
31
Suppose -70908 = -33*x - 5*x. What are the prime factors of x?
2, 3, 311
Let p(i) = i**2 - 8*i + 7. Let z be p(6). Let w(q) = -12*q + 1. List the prime factors of w(z).
61
Let p = -1592 - -3006. List the prime factors of p.
2, 7, 101
Let a(d) = -4*d**2 + 4*d. Let m be a(3). Let y be (0 + 6/5)/((-15)/650). Let n = m - y. What are the prime factors